late the greatest common divisor of 110 and 130.
10
Calculate the greatest common factor of 9 and 1962.
9
What is the highest common factor of 36 and 13086?
18
Calculate the greatest common divisor of 41 and 3526.
41
Calculate the greatest common factor of 55 and 99.
11
Calculate the greatest common divisor of 9 and 2529.
9
Calculate the greatest common factor of 7 and 623.
7
What is the greatest common factor of 70 and 532?
14
Calculate the greatest common factor of 8 and 44.
4
Calculate the greatest common factor of 91 and 26.
13
What is the greatest common factor of 315 and 140?
35
What is the greatest common divisor of 6 and 54?
6
Calculate the greatest common divisor of 5260 and 20.
20
What is the highest common divisor of 29 and 203?
29
What is the highest common factor of 110 and 28930?
110
Calculate the highest common divisor of 160 and 30.
10
What is the greatest common factor of 135 and 225?
45
What is the highest common factor of 36 and 162?
18
Calculate the greatest common divisor of 184 and 220.
4
Calculate the highest common factor of 88 and 198.
22
What is the highest common factor of 88 and 2266?
22
What is the highest common factor of 5 and 185?
5
Calculate the highest common factor of 1508 and 928.
116
Calculate the greatest common divisor of 12150 and 150.
150
What is the highest common divisor of 80 and 368?
16
Calculate the highest common factor of 671 and 22.
11
Calculate the greatest common factor of 14911 and 93.
31
Calculate the highest common divisor of 256 and 66.
2
Calculate the highest common divisor of 7627 and 29.
29
What is the highest common factor of 1278 and 18?
18
Calculate the greatest common factor of 6 and 46.
2
Calculate the greatest common factor of 161 and 21.
7
What is the greatest common factor of 187 and 22?
11
What is the greatest common factor of 345 and 483?
69
What is the highest common divisor of 55110 and 334?
334
Calculate the greatest common factor of 25 and 215.
5
What is the highest common divisor of 5 and 245?
5
What is the greatest common factor of 40 and 10?
10
Calculate the greatest common divisor of 2214 and 108.
54
What is the highest common divisor of 988 and 832?
52
What is the greatest common divisor of 101 and 3?
1
Calculate the highest common divisor of 24 and 2058.
6
What is the greatest common divisor of 4 and 652?
4
Calculate the greatest common divisor of 114 and 282.
6
Calculate the highest common factor of 40 and 2380.
20
Calculate the highest common factor of 875 and 250.
125
Calculate the greatest common factor of 240 and 32.
16
Calculate the highest common factor of 1168 and 3650.
146
What is the greatest common divisor of 55 and 13211?
11
Calculate the greatest common factor of 910 and 20.
10
What is the highest common divisor of 188 and 752?
188
Calculate the greatest common divisor of 13920 and 180.
60
Calculate the highest common divisor of 594 and 5368.
22
Calculate the highest common divisor of 644 and 2668.
92
Calculate the greatest common divisor of 18 and 9.
9
What is the greatest common factor of 462 and 126?
42
Calculate the greatest common factor of 2 and 45.
1
What is the greatest common divisor of 5313 and 3003?
231
Calculate the greatest common divisor of 10209 and 1245.
249
Calculate the highest common factor of 52 and 16432.
52
Calculate the greatest common factor of 4 and 52.
4
Calculate the greatest common factor of 10519 and 157.
157
What is the greatest common factor of 17314 and 88?
22
What is the highest common divisor of 2958 and 174?
174
Calculate the greatest common divisor of 17177 and 386.
193
Calculate the greatest common divisor of 120 and 40.
40
What is the greatest common divisor of 7800 and 48?
24
Calculate the greatest common factor of 27208 and 152.
152
What is the highest common divisor of 974 and 14?
2
What is the greatest common factor of 477 and 27?
9
What is the greatest common factor of 282 and 6?
6
Calculate the highest common factor of 7139 and 121.
121
Calculate the greatest common factor of 667 and 92.
23
Calculate the highest common factor of 254 and 30607.
127
Calculate the greatest common divisor of 1 and 391.
1
Calculate the highest common divisor of 16 and 96.
16
What is the highest common divisor of 60 and 36?
12
What is the highest common factor of 16384 and 96?
32
Calculate the highest common divisor of 3304 and 28.
28
Calculate the highest common divisor of 639 and 142.
71
What is the highest common factor of 21 and 27?
3
Calculate the highest common divisor of 1829 and 341.
31
Calculate the highest common divisor of 51 and 2227.
17
What is the highest common factor of 25264 and 4?
4
What is the highest common factor of 671 and 517?
11
Calculate the greatest common divisor of 109 and 4687.
109
Calculate the highest common divisor of 80 and 5.
5
Calculate the highest common divisor of 297 and 462.
33
What is the greatest common divisor of 14768 and 832?
208
What is the highest common factor of 684 and 162?
18
What is the highest common divisor of 7392 and 42?
42
Calculate the greatest common factor of 115 and 713.
23
Calculate the greatest common factor of 1292 and 2033.
19
Calculate the greatest common divisor of 1184 and 10952.
296
Calculate the highest common divisor of 49 and 5.
1
Calculate the highest common divisor of 200 and 50.
50
What is the greatest common divisor of 1475 and 59?
59
What is the greatest common divisor of 2565 and 60?
15
What is the highest common divisor of 2653 and 119?
7
Calculate the greatest common divisor of 244 and 793.
61
Calculate the greatest common factor of 45 and 1008.
9
What is the highest common divisor of 6 and 942?
6
What is the greatest common divisor of 23 and 6509?
23
Calculate the highest common factor of 28 and 3584.
28
Calculate the greatest common factor of 9594 and 18.
18
Calculate the highest common divisor of 342 and 5548.
38
Calculate the greatest common divisor of 22 and 22.
22
Calculate the highest common divisor of 4 and 28.
4
Calculate the highest common factor of 120 and 735.
15
Calculate the greatest common divisor of 180 and 5076.
36
What is the greatest common factor of 1425 and 171?
57
What is the highest common factor of 343 and 14749?
343
What is the highest common divisor of 21 and 217?
7
What is the greatest common divisor of 65 and 40?
5
What is the greatest common divisor of 85 and 45?
5
Calculate the highest common divisor of 4536 and 168.
168
Calculate the greatest common factor of 324 and 4617.
81
What is the greatest common factor of 104 and 4472?
104
What is the highest common divisor of 2 and 3?
1
Calculate the highest common divisor of 217 and 203.
7
What is the greatest common divisor of 138 and 322?
46
Calculate the highest common divisor of 28 and 20.
4
What is the greatest common factor of 200 and 8?
8
What is the highest common factor of 1957 and 95?
19
What is the highest common divisor of 253 and 529?
23
Calculate the greatest common divisor of 273 and 63.
21
What is the highest common factor of 102 and 306?
102
What is the greatest common factor of 39267 and 18?
9
Calculate the greatest common divisor of 17 and 1.
1
What is the greatest common factor of 559 and 26?
13
Calculate the greatest common divisor of 11101 and 136.
17
Calculate the highest common divisor of 535 and 642.
107
What is the greatest common factor of 8 and 4?
4
What is the highest common divisor of 22729 and 51?
17
Calculate the highest common factor of 1385 and 5.
5
What is the highest common divisor of 104 and 2896?
8
Calculate the greatest common factor of 3029 and 13.
13
What is the greatest common factor of 203 and 14?
7
Calculate the highest common divisor of 30 and 45.
15
Calculate the highest common factor of 72 and 528.
24
What is the greatest common factor of 38 and 1767?
19
Calculate the greatest common factor of 534 and 18.
6
What is the greatest common divisor of 2007 and 27?
9
What is the highest common divisor of 91 and 247?
13
Calculate the greatest common divisor of 52882 and 193.
193
Calculate the highest common divisor of 21 and 28.
7
Calculate the greatest common factor of 180 and 1740.
60
What is the highest common factor of 8 and 8600?
8
What is the highest common divisor of 10570 and 98?
14
What is the greatest common factor of 14065 and 6